pose 0 = 123*c + 48*c - 171. Let l(m) = -12*m**2 + 36*m - 36. Give l(c).
-12
Let w(t) = -t**3 + 13*t**2 + 14*t - 3. Let i(j) = 48*j - 14. Let b be i(2). Suppose 3*d = -8*n + 13*n - b, -2*d - 50 = -3*n. Calculate w(n).
-3
Let s(t) = -9*t - 25. Let h(o) = 26*o + 71. Let b(m) = -6*h(m) - 17*s(m). Let q = 1 + -4. Give b(q).
8
Let a(h) = 23*h + 3*h + 5 + 5*h - 2*h - h. Let c be a(0). Let w(j) = j - 13. Calculate w(c).
-8
Let n(f) = f. Let s(z) = -3*z + 2. Let m(k) = 6*k - 5. Let h(a) = -2*m(a) - 5*s(a). Let p be 14/(-4)*56/49 + 5. Let y(d) = p*h(d) - 2*n(d). Calculate y(-4).
-4
Suppose 4*h + 103 = 4*s + 95, -46 = 5*s + 3*h. Let n(r) = 18*r + 87. What is n(s)?
-3
Suppose 2*c = -24*c + 104. Let u(v) = -5*v - 9. Determine u(c).
-29
Let a(d) = -3423127 + 7*d + 3423109 + 11*d. Give a(8).
126
Let h(i) = -i + 3. Suppose r = -7*r + 40. Suppose v - y - 4 = -2*y, -r*y = -5*v - 20. Suppose 5*a - 46 + 21 = v. Determine h(a).
-2
Let u(x) = x**2 - 32*x + 5. Let m(v) = 5*v - 1. Let l(y) = 2*m(y) + u(y). Give l(21).
-18
Suppose 2*a + 122*m + 60 = 129*m, 5*m - 34 = -3*a. Let j(h) = -5*h - 46. Calculate j(a).
-36
Let g(l) = -5*l**2 - 54 - 7*l + 54987*l**3 - 54988*l**3 + 53 + 18*l**2. What is g(12)?
59
Let r(h) = -5*h**2 + 0*h**2 + 3*h - 2 + 2*h**2 + 2*h**2. Suppose -18*k + 19*k + 23 = 0. Let t(i) = -i**3 - 24*i**2 - 23*i + 5. Let z be t(k). Determine r(z).
-12
Let x(c) = 3*c**3 + 7*c**2 - 4*c - 4. Let d(k) = -13*k**3 - 30*k**2 + 18*k + 16. Let i(f) = -2*d(f) - 9*x(f). Let g = 4 - 7. Determine i(g).
4
Suppose k = 5*p - 19, p = -2*k + k + 5. Let r(f) be the third derivative of 0 + 0*f - 1/12*f**4 + 1/15*f**6 + 0*f**5 - 10*f**2 + 1/6*f**3. What is r(k)?
7
Let t(j) be the third derivative of -j**4/24 - 23*j**3/6 - 10*j**2 + 8*j. Determine t(-5).
-18
Let x(q) = 177*q**2 + 6*q - 164*q**2 - 27*q**3 - 2*q + 13*q**3 - 10 + 15*q**3. Calculate x(-12).
86
Let p(c) be the second derivative of -c**5/20 - c**4/2 + c**3/2 + c**2 + c - 26. What is p(-5)?
-38
Let z(g) = 2*g**2 + 22*g + 45. Let k be -1*(27 + -25 + 6/(-3)*-4). Calculate z(k).
25
Let s(w) = -2*w**3 - 3*w**2 + 3*w - 3. Let i(z) = -40*z + 24. Let p be i(11). Let t = -419 - p. What is s(t)?
15
Let u(y) = y**3 - 3*y**2 + 2. Let v(j) = 13*j**2 - j + 10. Let m be v(4). Let x = -210 + m. Determine u(x).
18
Let g(f) = -23*f - 151. Let r(w) = -7*w - 46. Let x(h) = 3*g(h) - 10*r(h). Let c(y) = -y**3 + 5*y**2 + 8*y - 12. Let d be c(6). Give x(d).
7
Let z(f) be the third derivative of -f**5/60 - 5*f**4/12 + 3*f**3 - 369*f**2. What is z(-10)?
18
Let t(k) = 12*k + 9. Suppose m = 25*c - 23*c - 4, -4*m = -c + 2. What is t(m)?
9
Let t(u) = u**2 - 5*u - 17. Let i = -58 - -64. Let j(o) = o**2 - 4*o - 16. Let r(m) = i*j(m) - 5*t(m). Let n(l) be the first derivative of r(l). Give n(-2).
-3
Let u(g) be the third derivative of 3*g**4/8 + 10*g**3/3 - 4*g**2 - 22*g - 10. What is u(5)?
65
Suppose 0 = 2397*p - 1709*p + 1376. Suppose 5*s + 6 = -2*y, 2*y - 2 = 3*y + 2*s. Let g(t) = 2*t - 6*t**y + 2*t**2 + 2 - 1. Give g(p).
-19
Let p be (-6)/(-4)*(-70)/(-21) + 2. Suppose -5*k - 3*l = 39, -p*k + 18 = -12*k + 4*l. Let i(g) = -2*g + 7. What is i(k)?
19
Let u(k) be the first derivative of -k**2 - 31*k + 1182. What is u(-7)?
-17
Let s(n) = -9*n + 12. Suppose -k - 9*f - 2 = -5*f, -2*f + 2 = k. Let c(r) = k*r + 6*r - 26 - 3*r + 10*r. Let l(t) = 6*c(t) + 13*s(t). Give l(-1).
3
Suppose 4*o - 129 = 5*s, -7*s = 13*o - 12*s - 408. Let l(a) = -a**2 + 35*a - 127. Determine l(o).
-3
Let n(j) = -275*j - 27. Let x be n(-1). Suppose -29*q = 33*q + x. Let f(d) = -3*d - 6. Calculate f(q).
6
Let c(s) be the first derivative of -2*s**3 - 1/4*s**4 - 40 + 8*s + s**2. What is c(-6)?
-4
Let c(a) = -4*a**2 + 6*a - 4. Suppose 2*m - 22 = -4*r, -2*m - 2 = -0*m - 2*r. Let i(j) = -4*j**2 + 5*j - 3. Let d(l) = m*i(l) - 2*c(l). Calculate d(2).
-11
Suppose -3*u + 0*v - 3*v + 102 = 0, 0 = -5*u - v + 154. Suppose 0*n - 5*n = -u. Let y(d) = -d**2 + 2*d + 1. What is y(n)?
-23
Let u be (3/2)/((-9)/(-84)). Suppose 0 = 3*o - 5*o - u. Let q(r) = 7*r + r**2 + 132 - 176 + 35. Determine q(o).
-9
Let q be (24/(-72))/(1/(-111)). Let h(n) = -22 + 31 + 26 + q*n - 34*n. Give h(-15).
-10
Let y be (2/4)/((-442)/1768). Let q(t) = t - 11. Give q(y).
-13
Let m(x) = -x + 2 - 4*x - 1 + x**2. Let g(o) = -o**2 - 14*o - 13. Let j be g(-13). Suppose 6*k - 22 - 2 = j. What is m(k)?
-3
Let x(f) = -62 - 18*f**2 - 15*f - f**3 - 18 + 114. Determine x(-17).
0
Let c(b) = b**3 - 118*b**2 - 745*b - 5. Let m be c(-6). Let s(u) = -26*u + 8. What is s(m)?
-18
Suppose -2*v - 5*g = -4*v + 19, 0 = 3*g + 9. Suppose -v*n + 0*n + 24 = 0. Let w(d) = -3*d**2 + 3*d**2 + d**3 + 9*d**2 + n + 0*d - 9*d. What is w(-10)?
2
Let s(t) = t**3 - 27*t**2 - 27*t - 49. Let n(z) = 41*z - 3621. Let q be n(89). What is s(q)?
-21
Let z(p) be the first derivative of p**4/6 + 2*p**3/3 + 3*p**2 - 51*p + 70. Let k(o) be the first derivative of z(o). Give k(-4).
22
Let m(h) = -16*h**2 + 0*h + 2707 - 14*h + 2691 - 5428 + 2*h**3. Determine m(9).
6
Let c(n) = 14*n**2 - 33*n + 1476. Let l(s) = -5*s**2 + 11*s - 521. Let v(f) = 6*c(f) + 17*l(f). Let p be (-1)/5 - (-118)/(-10). Give v(p).
-13
Let p(m) = -29*m - 29. Let x(n) = -13*n - 14. Let t(y) = -4*p(y) + 9*x(y). Suppose -5*b + 59 - 94 = 0. Determine t(b).
-3
Let z = 6722 + -6662. Let d(t) = -2*t**2 + 122*t - 121. Calculate d(z).
-1
Suppose -978*v = -972*v - 12. Let m(q) be the first derivative of 1/2*q**2 - v*q + 10. Determine m(-7).
-9
Let m(x) be the second derivative of -5*x**3/6 - 5*x**2 - 1367*x. Determine m(10).
-60
Let r(h) = -20*h + 0*h + 386 + 425 - 991. Let u be r(-9). Let o(x) = -x**3 - x**2 + x - 14. Calculate o(u).
-14
Suppose -d = -6*d + 10. Let r(u) = -564*u**2 + 20*u - 3. Let b(v) = -199*v**2 + 7*v - 1. Let p(o) = -17*b(o) + 6*r(o). Determine p(d).
-3
Let q(h) = -12*h**3 - 36*h**2 - 17*h + 30. Let d(j) = -7*j**3 - 19*j**2 - 8*j + 14. Let k(o) = -5*d(o) + 3*q(o). Calculate k(-12).
8
Suppose 0 = -4*s + 4*v - 4, 4*s - 4 = 11*v - 15*v. Let d(g) be the second derivative of -9*g + s - 3/2*g**2 + 1/12*g**4 + 7/6*g**3. What is d(-7)?
-3
Suppose -6*b + 132 = -0*b. Let m = b + 15. Suppose -11 = 6*f + m. Let x(u) = -u**2 - 8*u - 2. What is x(f)?
-2
Let v(n) = -2*n**2 - 12*n. Suppose -12*m + 312 = m. Suppose -m*x + 24 = 144. What is v(x)?
10
Suppose -4*f = -9*f - 5*a + 200, 2*f + 4*a - 86 = 0. Suppose 6*x + f = 43. Let b(y) = 14*y**3 + y. Calculate b(x).
15
Let u(w) = w**2 + 2*w - 8. Let h(r) = 3. Let b(v) = -4. Let o(x) = -5*b(x) - 7*h(x). Let m(i) = 6*o(i) - u(i). Give m(-3).
-1
Let v(r) = 4*r**2 + 3*r. Let z = -115 - -189. Suppose -70 - z = -6*q. Let d = -26 + q. Calculate v(d).
10
Let u(f) = -f**3 - 4*f**2 + 4*f - 3. Let d be u(-5). Let c(r) = d*r + 16*r - 3 - 19*r - 2 + 8. Determine c(4).
-1
Let g = 1698 - 2652. Let q be 2/4 + (g/12)/3. Let p = q - -21. Let f(y) = y + 6. Give f(p).
1
Let v(n) = 5*n + 5. Let j be v(3). Suppose 0 = 6*c - 118 - j. Let s = 26 - c. Let o(m) = m**2 - 2. Calculate o(s).
7
Let a(k) = -k**2 + 23*k - 56. Let b be a(20). Suppose b*z - 2*y + y = -6, -z - 3*y - 8 = 0. Let s(q) = -1 + q + 1. What is s(z)?
-2
Let s(x) = -3*x - 5. Suppose 0 = u + 3 - 8. Let t(z) = 0 + 3 + 2 + u*z + 4. Let q(w) = 11*s(w) + 6*t(w). Give q(1).
-4
Let h(i) be the third derivative of -i**6/120 + 7*i**5/60 + 7*i**4/24 + 5*i**3/6 + 63*i**2. Let t be 2/(15/(-20) + 1). What is h(t)?
-3
Let d(p) be the third derivative of -p**5/60 - 35*p**3/6 + 5*p**2 - 98*p. Let n(a) = -a**3 + 2*a**2 - 1. Let s be n(1). What is d(s)?
-35
Suppose -42*m + 44 = -40*m. Suppose -2*h = -0*h + 5*j - m, -4*h + 4*j - 12 = 0. Let p(i) = 3*i - 2. Let d(w) = -w + 1. Let l(z) = h*p(z) + d(z). Determine l(5).
9
Let j(i) = i + 8. Let c(q) = -25*q - 24*q - q**3 + 16*q - 189 + 246 + 32*q**2. Let w be c(31). What is j(w)?
3
Suppose 2 + 8 = -10*h + 15*h. Let a(r) be the second derivative of -4*r - 1/20*r**5 + 3/2*r**h + 2/3*r**3 + 0 - 1/12*r**4. What is a(-3)?
9
Let b(g) be the first derivative of g**2 - 119*g + 3888. Determine b(56).
-7
Let a(x) = -75459*x**3 + x + 150920*x**3 + 6 - 75462*x**3 - 6*x**2. Let i(h) = -h**3 - 3*h**2 + 7*h + 6. Let b be i(-4). What is a(b)?
0
Let w = -25 - -19. Let s(a) = 757 + 750 - 1511 - 4*a. What is s(w)?
20
Let f(a) = -a**2 - 43*a - 35. Suppose 0 = 41*g + 953 + 769. Let r be f(g). Let j(k) = 3*k - 3.